{"id":1037,"date":"2024-02-22T08:34:58","date_gmt":"2024-02-22T07:34:58","guid":{"rendered":"https:\/\/man.kielce.pl\/?page_id=1037"},"modified":"2024-02-22T08:52:16","modified_gmt":"2024-02-22T07:52:16","slug":"backup-s3","status":"publish","type":"page","link":"https:\/\/man.kielce.pl\/?page_id=1037","title":{"rendered":"Backup S3"},"content":{"rendered":"\t\t<div data-elementor-type=\"wp-page\" data-elementor-id=\"1037\" class=\"elementor elementor-1037\">\n\t\t\t\t\t\t\t<div class=\"elementor-element elementor-element-b99f74c e-flex e-con-boxed e-con e-parent\" data-id=\"b99f74c\" data-element_type=\"container\" data-settings=\"{&quot;content_width&quot;:&quot;boxed&quot;}\" data-core-v316-plus=\"true\">\n\t\t\t\t\t<div class=\"e-con-inner\">\n\t\t\t\t<div class=\"elementor-element elementor-element-e2c6cb5 elementor-widget elementor-widget-heading\" data-id=\"e2c6cb5\" data-element_type=\"widget\" data-widget_type=\"heading.default\">\n\t\t\t\t<div class=\"elementor-widget-container\">\n\t\t\t<style>\/*! elementor - v3.17.0 - 08-11-2023 *\/\n.elementor-heading-title{padding:0;margin:0;line-height:1}.elementor-widget-heading .elementor-heading-title[class*=elementor-size-]>a{color:inherit;font-size:inherit;line-height:inherit}.elementor-widget-heading .elementor-heading-title.elementor-size-small{font-size:15px}.elementor-widget-heading .elementor-heading-title.elementor-size-medium{font-size:19px}.elementor-widget-heading .elementor-heading-title.elementor-size-large{font-size:29px}.elementor-widget-heading .elementor-heading-title.elementor-size-xl{font-size:39px}.elementor-widget-heading .elementor-heading-title.elementor-size-xxl{font-size:59px}<\/style><h2 class=\"elementor-heading-title elementor-size-default\">Backup i archiwizacja S3<\/h2>\t\t<\/div>\n\t\t\t\t<\/div>\n\t\t\t\t\t<\/div>\n\t\t\t\t<\/div>\n\t\t<div class=\"elementor-element elementor-element-43be552 e-flex e-con-boxed e-con e-parent\" data-id=\"43be552\" data-element_type=\"container\" data-settings=\"{&quot;content_width&quot;:&quot;boxed&quot;}\" data-core-v316-plus=\"true\">\n\t\t\t\t\t<div class=\"e-con-inner\">\n\t\t<div class=\"elementor-element elementor-element-fb0ba00 e-con-full e-flex e-con e-child\" data-id=\"fb0ba00\" data-element_type=\"container\" data-settings=\"{&quot;content_width&quot;:&quot;full&quot;}\">\n\t\t\t\t<div class=\"elementor-element elementor-element-4a5bb2e elementor-position-top elementor-widget elementor-widget-image-box\" data-id=\"4a5bb2e\" data-element_type=\"widget\" data-widget_type=\"image-box.default\">\n\t\t\t\t<div class=\"elementor-widget-container\">\n\t\t\t<style>\/*! elementor - v3.17.0 - 08-11-2023 *\/\n.elementor-widget-image-box .elementor-image-box-content{width:100%}@media (min-width:768px){.elementor-widget-image-box.elementor-position-left .elementor-image-box-wrapper,.elementor-widget-image-box.elementor-position-right .elementor-image-box-wrapper{display:flex}.elementor-widget-image-box.elementor-position-right .elementor-image-box-wrapper{text-align:right;flex-direction:row-reverse}.elementor-widget-image-box.elementor-position-left .elementor-image-box-wrapper{text-align:left;flex-direction:row}.elementor-widget-image-box.elementor-position-top .elementor-image-box-img{margin:auto}.elementor-widget-image-box.elementor-vertical-align-top .elementor-image-box-wrapper{align-items:flex-start}.elementor-widget-image-box.elementor-vertical-align-middle .elementor-image-box-wrapper{align-items:center}.elementor-widget-image-box.elementor-vertical-align-bottom .elementor-image-box-wrapper{align-items:flex-end}}@media (max-width:767px){.elementor-widget-image-box .elementor-image-box-img{margin-left:auto!important;margin-right:auto!important;margin-bottom:15px}}.elementor-widget-image-box .elementor-image-box-img{display:inline-block}.elementor-widget-image-box .elementor-image-box-title a{color:inherit}.elementor-widget-image-box .elementor-image-box-wrapper{text-align:center}.elementor-widget-image-box .elementor-image-box-description{margin:0}<\/style><div class=\"elementor-image-box-wrapper\"><figure class=\"elementor-image-box-img\"><img loading=\"lazy\" decoding=\"async\" width=\"300\" height=\"200\" src=\"https:\/\/man.kielce.pl\/wp-content\/uploads\/2024\/02\/backup-300x200-1.webp\" class=\"attachment-full size-full wp-image-1039\" alt=\"\" srcset=\"https:\/\/man.kielce.pl\/wp-content\/uploads\/2024\/02\/backup-300x200-1.webp 300w, https:\/\/man.kielce.pl\/wp-content\/uploads\/2024\/02\/backup-300x200-1-230x153.webp 230w\" sizes=\"(max-width: 300px) 100vw, 300px\" \/><\/figure><div class=\"elementor-image-box-content\"><h3 class=\"elementor-image-box-title\">Czym jest backup?<\/h3><p class=\"elementor-image-box-description\">Backup to inaczej kopia zapasowa b\u0105d\u017a kopia bezpiecze\u0144stwa danych. Wykonuje si\u0119 j\u0105 w celu zabezpieczenia i odzyskania danych w razie ich utraty.<\/p><\/div><\/div>\t\t<\/div>\n\t\t\t\t<\/div>\n\t\t\t\t<\/div>\n\t\t<div class=\"elementor-element elementor-element-4d203fe e-con-full e-flex e-con e-child\" data-id=\"4d203fe\" data-element_type=\"container\" data-settings=\"{&quot;content_width&quot;:&quot;full&quot;}\">\n\t\t\t\t<div class=\"elementor-element elementor-element-3440fe8 elementor-position-top elementor-widget elementor-widget-image-box\" data-id=\"3440fe8\" data-element_type=\"widget\" data-widget_type=\"image-box.default\">\n\t\t\t\t<div class=\"elementor-widget-container\">\n\t\t\t<div class=\"elementor-image-box-wrapper\"><figure class=\"elementor-image-box-img\"><img loading=\"lazy\" decoding=\"async\" width=\"300\" height=\"300\" src=\"https:\/\/man.kielce.pl\/wp-content\/uploads\/2024\/02\/replikacja-300x300-1.webp\" class=\"attachment-full size-full wp-image-1040\" alt=\"\" srcset=\"https:\/\/man.kielce.pl\/wp-content\/uploads\/2024\/02\/replikacja-300x300-1.webp 300w, https:\/\/man.kielce.pl\/wp-content\/uploads\/2024\/02\/replikacja-300x300-1-150x150.webp 150w, https:\/\/man.kielce.pl\/wp-content\/uploads\/2024\/02\/replikacja-300x300-1-230x230.webp 230w\" sizes=\"(max-width: 300px) 100vw, 300px\" \/><\/figure><div class=\"elementor-image-box-content\"><h3 class=\"elementor-image-box-title\">Co to replikacja geograficzna?<\/h3><p class=\"elementor-image-box-description\">Us\u0142uga backupu z replikacj\u0105 geograficzn\u0105 zapewnia przechowywanie danych w co najmniej dw\u00f3ch r\u00f3\u017cnych fizycznych lokalizacjach np. w Kielcach i Poznaniu.<\/p><\/div><\/div>\t\t<\/div>\n\t\t\t\t<\/div>\n\t\t\t\t<\/div>\n\t\t<div class=\"elementor-element elementor-element-f87a109 e-con-full e-flex e-con e-child\" data-id=\"f87a109\" data-element_type=\"container\" data-settings=\"{&quot;content_width&quot;:&quot;full&quot;}\">\n\t\t\t\t<div class=\"elementor-element elementor-element-528d714 elementor-position-top elementor-widget elementor-widget-image-box\" data-id=\"528d714\" data-element_type=\"widget\" data-widget_type=\"image-box.default\">\n\t\t\t\t<div class=\"elementor-widget-container\">\n\t\t\t<div class=\"elementor-image-box-wrapper\"><figure class=\"elementor-image-box-img\"><img loading=\"lazy\" decoding=\"async\" width=\"300\" height=\"300\" src=\"https:\/\/man.kielce.pl\/wp-content\/uploads\/2024\/02\/virtualizacja-300x300-1.webp\" class=\"attachment-full size-full wp-image-1041\" alt=\"\" srcset=\"https:\/\/man.kielce.pl\/wp-content\/uploads\/2024\/02\/virtualizacja-300x300-1.webp 300w, https:\/\/man.kielce.pl\/wp-content\/uploads\/2024\/02\/virtualizacja-300x300-1-150x150.webp 150w, https:\/\/man.kielce.pl\/wp-content\/uploads\/2024\/02\/virtualizacja-300x300-1-230x230.webp 230w\" sizes=\"(max-width: 300px) 100vw, 300px\" \/><\/figure><div class=\"elementor-image-box-content\"><h3 class=\"elementor-image-box-title\">Wirtualizacja serwer\u00f3w<\/h3><p class=\"elementor-image-box-description\">Wykup w\u0142asny serwer wirtualny z publicznym adresem IP na kt\u00f3rym uruchomisz dowolne us\u0142ugi. Serwery s\u0105 dowolnie skalowalne oraz w pe\u0142ni redundantne.<\/p><\/div><\/div>\t\t<\/div>\n\t\t\t\t<\/div>\n\t\t\t\t<\/div>\n\t\t\t\t\t<\/div>\n\t\t\t\t<\/div>\n\t\t<div class=\"elementor-element elementor-element-5cbfb9f e-flex e-con-boxed e-con e-parent\" data-id=\"5cbfb9f\" data-element_type=\"container\" data-settings=\"{&quot;content_width&quot;:&quot;boxed&quot;}\" data-core-v316-plus=\"true\">\n\t\t\t\t\t<div class=\"e-con-inner\">\n\t\t\t\t<div class=\"elementor-element elementor-element-5102b41 elementor-widget elementor-widget-text-editor\" data-id=\"5102b41\" data-element_type=\"widget\" data-widget_type=\"text-editor.default\">\n\t\t\t\t<div class=\"elementor-widget-container\">\n\t\t\t<style>\/*! elementor - v3.17.0 - 08-11-2023 *\/\n.elementor-widget-text-editor.elementor-drop-cap-view-stacked .elementor-drop-cap{background-color:#69727d;color:#fff}.elementor-widget-text-editor.elementor-drop-cap-view-framed .elementor-drop-cap{color:#69727d;border:3px solid;background-color:transparent}.elementor-widget-text-editor:not(.elementor-drop-cap-view-default) .elementor-drop-cap{margin-top:8px}.elementor-widget-text-editor:not(.elementor-drop-cap-view-default) .elementor-drop-cap-letter{width:1em;height:1em}.elementor-widget-text-editor .elementor-drop-cap{float:left;text-align:center;line-height:1;font-size:50px}.elementor-widget-text-editor .elementor-drop-cap-letter{display:inline-block}<\/style>\t\t\t\t<p>Ceny mo\u017cna znale\u017a\u0107 na stronie projektu <a href=\"https:\/\/pracelab.tu.kielce.pl\/pricelist\">PRACELAB<\/a>\u00a0<\/p>\t\t\t\t\t\t<\/div>\n\t\t\t\t<\/div>\n\t\t\t\t\t<\/div>\n\t\t\t\t<\/div>\n\t\t\t\t\t\t\t<\/div>\n\t\t","protected":false},"excerpt":{"rendered":"<p>Backup i archiwizacja S3 Czym jest backup? Backup to inaczej kopia zapasowa b\u0105d\u017a kopia bezpiecze\u0144stwa danych. Wykonuje si\u0119 j\u0105 w celu zabezpieczenia [&hellip;]<\/p>\n","protected":false},"author":1,"featured_media":0,"parent":0,"menu_order":0,"comment_status":"closed","ping_status":"closed","template":"elementor_header_footer","meta":{"footnotes":""},"_links":{"self":[{"href":"https:\/\/man.kielce.pl\/index.php?rest_route=\/wp\/v2\/pages\/1037"}],"collection":[{"href":"https:\/\/man.kielce.pl\/index.php?rest_route=\/wp\/v2\/pages"}],"about":[{"href":"https:\/\/man.kielce.pl\/index.php?rest_route=\/wp\/v2\/types\/page"}],"author":[{"embeddable":true,"href":"https:\/\/man.kielce.pl\/index.php?rest_route=\/wp\/v2\/users\/1"}],"replies":[{"embeddable":true,"href":"https:\/\/man.kielce.pl\/index.php?rest_route=%2Fwp%2Fv2%2Fcomments&post=1037"}],"version-history":[{"count":8,"href":"https:\/\/man.kielce.pl\/index.php?rest_route=\/wp\/v2\/pages\/1037\/revisions"}],"predecessor-version":[{"id":1049,"href":"https:\/\/man.kielce.pl\/index.php?rest_route=\/wp\/v2\/pages\/1037\/revisions\/1049"}],"wp:attachment":[{"href":"https:\/\/man.kielce.pl\/index.php?rest_route=%2Fwp%2Fv2%2Fmedia&parent=1037"}],"curies":[{"name":"wp","href":"https:\/\/api.w.org\/{rel}","templated":true}]}}